{"id":304,"date":"2018-05-16T14:53:27","date_gmt":"2018-05-16T14:53:27","guid":{"rendered":"https:\/\/www.xn--soadoresmic-2db.com\/?page_id=304"},"modified":"2018-05-30T21:09:39","modified_gmt":"2018-05-30T21:09:39","slug":"afiliacion","status":"publish","type":"page","link":"https:\/\/www.xn--soadoresmic-2db.com\/?page_id=304","title":{"rendered":"Afiliaci\u00f3n"},"content":{"rendered":"    <!--[section]-->\n\t\t<style>\n.bd-section-2086260727{padding-top:90px;padding-bottom:90px;background-color:#f2f3f3;}\n@media (max-width: 767px) {.bd-section-2086260727{padding-bottom:30px;padding-top:30px;}}\n.bd-section-2086260727{\n\tline-height:  22.85714286px;\n\tfont-size:  16px;\n\tcolor:  #000000;\n\ttext-align:  center;\n\tfont-weight:  normal;\n}\n.bd-section-2086260727 h2{\n\tline-height:  31.42857144px;\n\tfont-size:  22px;\n}\n.bd-section-2086260727 h1{\n\tline-height:  45.71428573px;\n\tfont-size:  32px;\n\tfont-weight:  normal;\n\tcolor:  #000000;\n\ttext-transform:  none;\n}\n\n@media (max-width: 767px) {.bd-section-2086260727 h1{\n\tline-height:  38.57142858px;\n\tfont-size:  27px;\n}\n}<\/style>\t\t<section id=section2 class=\" bd-section-2086260727  bd-tagstyles\" data-section-title=\"Centered Text With Button\">\n\t\t\t<div class=\"bd-container-inner bd-margins clearfix\">\n\t\t\t\t<!--{content}-->\n\t\t\t\t\t<!--[fluid]--><!--{content}--><!--[layoutbox]--><style>\n.additional-class-629087111{padding-bottom:30px;padding-top:30px;width:80%;margin-left:auto;margin-right:auto;}\n@media (max-width: 1199px) {.additional-class-629087111{width:75%;}}\n@media (max-width: 991px) {.additional-class-629087111{width:95%;}}\n@media (max-width: 767px) {.additional-class-629087111{padding:0px 15px;}}<\/style><div class=\"clearfix  additional-class-629087111 bd-page-width  bd-no-margins bd-no-margins\"><div class=\"bd-container-inner\"><!--{content}-->    <!--[text]-->\n                <h1 class=\" additional-class-2126021393  bd-content-element\">\n            <!--{content}-->\n                Requisitos de Afiliaci\u00f3n            <!--{\/content}-->\n        <\/h1>\n    <!--[\/text]-->\n\n\t\n\t\t<!--[fluid_1]--><!--{content}-->\n    <!--[separator]-->\n            <style>\n.bd-separator-1999420281 .bd-separator-inner:before, .bd-separator-1999420281 .bd-separator-inner:after{border-top:2px solid #008a45;}<\/style>    <style>\n.bd-separator-1999420281 .bd-separator-inner{width:15%;}<\/style>\n    <div class=\" bd-separator-1999420281 bd-page-width  bd-separator-center bd-separator-content-center clearfix\">\n        <div class=\"bd-container-inner\">\n            <div class=\"bd-separator-inner\">\n                                <!--{content}--><!--{\/content}-->\n            <\/div>\n        <\/div>\n    <\/div>\n    <!--[\/separator]-->\n\n    <!--{\/content}--><!--[\/fluid_1]-->\n\t\n\t\t    <!--[text]-->\n        <style>\n.additional-class-919006324{padding-bottom:15px;padding-top:15px;}<\/style>        <p class=\" additional-class-919006324 bd-page-width  bd-content-element\">\n            <!--{content}-->\n                Ser empleado activo de las empresas Maquila Internacional de Confecci\u00f3n, Estrategia Comercial de Colombia S.A, Wstudio SAS, Inversiones Doble J, Destino Comercial, ONE STEP o alguna de sus filiales actuales o futuras. Aporte permanente:  m\u00ednimo el 3% y m\u00e1ximo el 10% del salario b\u00e1sico, siempre y cuando no supere el 50% del SMMLV o mesada pensional.\n<br>            <!--{\/content}-->\n        <\/p>\n    <!--[\/text]-->\n\n\t\n\t\t    <!--[text]-->\n                <h2 class=\" additional-class-1692736797  bd-content-element\">\n            <!--{content}-->\n                Diligenciar Solicitud de Afiliaci\u00f3n            <!--{\/content}-->\n        <\/h2>\n    <!--[\/text]-->\n\n\t\n\t\t<!--[button]--><style>.additional-class-1415663917 {\n                    text-decoration: inherit;\n\t                display: inline-block;\n\t                speak: none;\n\t            }\n\n                .additional-class-1415663917:after {\n                    font-family: 'Billion Web Font';\n\t                font-style: normal;\n\t                font-weight: normal;\n\t                text-decoration: inherit;\n\t                text-align: center;\n\t                text-transform: none;\n\t                width: 1em;\n                }.additional-class-1415663917:after { content: '\\1cd'; }.additional-class-1415663917:before {width: auto; visibility: inherit;}.additional-class-1415663917:after{display: inline-block;}<\/style><style>.additional-class-1415663917:after {\n        vertical-align: middle;\n        text-decoration: none;\n    }<\/style><style>.additional-class-1415663917:hover {\n                    text-decoration: inherit;\n\t                display: inline-block;\n\t                speak: none;\n\t            }\n\n                .additional-class-1415663917:hover:before {\n                    font-family: 'Billion Web Font';\n\t                font-style: normal;\n\t                font-weight: normal;\n\t                text-decoration: inherit;\n\t                text-align: center;\n\t                text-transform: none;\n\t                width: 1em;\n                }.additional-class-1415663917:hover:before {width: auto; visibility: inherit;}.additional-class-1415663917:hover:before{display: inline-block;}<\/style><style>.additional-class-1415663917:hover:before {\n        vertical-align: middle;\n        text-decoration: none;\n    }<\/style><a href=\"https:\/\/www.xn--soadoresmic-2db.com\/wp-content\/uploads\/2018\/05\/Formato-Solicitud-Afiliaci\u00f3n.pdf\" class=\"bd-button-162  additional-class-1415663917  bd-icon bd-own-margins bd-content-element\"><!--{content}-->\nDESCARGAR FORMATO\n<!--{\/content}--><\/a><!--[\/button]--><!--{\/content}--><\/div><\/div><!--[\/layoutbox]--><!--{\/content}--><!--[\/fluid]-->\t\t\t\t<!--{\/content}-->\n\t\t\t<\/div>\n\t\t<\/section>\n\t<!--[\/section]-->\n\n<!--[fluid]--><!--{content}-->    <!--[section]-->\n\t\t<style>\n.bd-section-1551097206{background-color:#f2f3f3;}\n.bd-section-1551097206{\n\tline-height:  24px;\n\tcolor:  #ffffff;\n\tfont-size:  16px;\n\ttext-align:  center;\n\tfont-weight:  normal;\n}\n.bd-section-1551097206 a{\n\tcolor:  #ffffff;\n}\n.bd-section-1551097206 a:hover{\n\tcolor:  #005496;\n}\n.bd-section-1551097206 h3{\n\tline-height:  25.71428572px;\n\tcolor:  #000000;\n\tfont-weight:  normal;\n\tfont-size:  18px;\n}\n.bd-section-1551097206 h3 a{\n\tline-height:  40.00000001px;\n\tfont-size:  28px;\n}\n.bd-section-1551097206 h1{\n\tline-height:  49.45px;\n\tfont-size:  43px;\n}\n\n@media (max-width: 1199px) {.bd-section-1551097206 h1{\n\tline-height:  48px;\n\tfont-size:  32px;\n}\n}<\/style>\t\t<section id=section4 class=\" bd-section-1551097206 bd-page-width  bd-tagstyles\" data-section-title=\"Business Three Columns\">\n\t\t\t<div class=\"bd-container-inner bd-margins clearfix\">\n\t\t\t\t<!--{content}-->\n\t\t\t\t\t<!--[fluid_1]--><!--{content}-->    <!--[columns]-->\n        <style>\n.bd-layoutcontainer-1078669115 > .bd-container-inner > .container-fluid > .row{height:100%;margin:0px;}\n.bd-layoutcontainer-1078669115 > .bd-container-inner > .container-fluid > .row > div{padding:0px;}\n.bd-layoutcontainer-1078669115  > .bd-container-inner > .container-fluid:after{display:none;}<\/style><style>\n.bd-layoutcontainer-1078669115 > .bd-container-inner > .container-fluid, .bd-layoutcontainer-1078669115 > .bd-container-inner > .container-fluid > .row{height:100%;}<\/style><style>.bd-layoutcontainer-1078669115 > .bd-container-inner > .container-fluid {padding-left: 0; padding-right: 0;}<\/style>        <style>\n.bd-layoutcolumn-2031382057{background-color:#f78b1e;padding:60px;}\n@media (max-width: 1199px) {.bd-layoutcolumn-2031382057{padding-right:3em;}}\n@media (max-width: 767px) {.bd-layoutcolumn-2031382057{padding:60px 30px;}}\n.bd-layoutcolumn-2031382057{\n\ttext-align:  left;\n}\n.bd-layoutcolumn-2031382057 h1{\n\ttext-align:  center;\n}\n\n\n.bd-layoutcolumn-508144393{background-color:#303030;padding:90px;}\n@media (max-width: 1199px) {.bd-layoutcolumn-508144393{padding:3em;}}\n.bd-layoutcolumn-508144393{\n\ttext-align:  left;\n}\n\n\n.bd-layoutcolumn-1930007529{background-color:#008a45;padding:90px;}\n@media (max-width: 1199px) {.bd-layoutcolumn-1930007529{padding:3em;}}\n.bd-layoutcolumn-1930007529{\n\ttext-align:  left;\n}\n<\/style>        <div class=\" bd-layoutcontainer-1078669115 bd-page-width  bd-columns bd-no-margins\">\n            <div class=\"bd-container-inner\">\n                <div class=\"container-fluid\">\n                    <div class=\"row bd-row-flex bd-row-align-top\">\n                        <!--{content}-->\n                                <!--[column]-->\n        <div class=\"col-md-4 col-sm-12 bd-columnwrapper-2031382057\">\n            <div class=\"bd-column  bd-layoutcolumn-2031382057 \">\n                <div class=\"bd-vertical-align-wrapper\">\n                    <!--{content}-->\n                        <!--[flex_align]--><style>.bd-flexalign-1868236879{height: 100%;}<\/style><style>\n.bd-flexalign.bd-flexalign-1868236879 > *{margin:auto;}<\/style><div class=\"bd-flexalign  bd-flexalign-1868236879  bd-no-margins\"><!--{content}-->    <!--[text]-->\n        <style>\nh1.additional-class-1910110545{\n\tcolor:  #ffffff;\n}\n<\/style>        <h1 class=\" additional-class-1910110545  bd-content-element\">\n            <!--{content}-->\n                Descarga de Formularios            <!--{\/content}-->\n        <\/h1>\n    <!--[\/text]-->\n<!--{\/content}--><\/div><!--[\/flex_align]-->                    <!--{\/content}-->\n                <\/div>\n            <\/div>\n        <\/div>\n    <!--[\/column]-->\n\n\t\n\t\t    <!--[column]-->\n        <div class=\"col-md-4 col-sm-6 bd-columnwrapper-508144393\">\n            <div class=\"bd-column  bd-layoutcolumn-508144393 \">\n                <div class=\"bd-vertical-align-wrapper\">\n                    <!--{content}-->\n                            <!--[text]-->\n        <style>\nh1.additional-class-1983581498{\n\tline-height:  45.71428573px;\n\tfont-size:  32px;\n\tfont-weight:  normal;\n\tcolor:  #ffffff;\n}\n<\/style>        <h1 class=\" additional-class-1983581498  bd-content-element\">\n            <!--{content}-->\n                Legales            <!--{\/content}-->\n        <\/h1>\n    <!--[\/text]-->\n\n\t\n\t\t\n    <!--[separator]-->\n            <style>\n.bd-separator-1685533929 .bd-separator-inner:before, .bd-separator-1685533929 .bd-separator-inner:after{border-top:2px solid #008a45;}<\/style>    <style>\n.bd-separator-1685533929 .bd-separator-inner{width:15%;}<\/style>\n    <div class=\" bd-separator-1685533929  bd-separator-left bd-separator-content-center clearfix\">\n        <div class=\"bd-container-inner\">\n            <div class=\"bd-separator-inner\">\n                                <!--{content}--><!--{\/content}-->\n            <\/div>\n        <\/div>\n    <\/div>\n    <!--[\/separator]-->\n\n    \n\t\n\t\t    <!--[text]-->\n        <style>\n.additional-class-209399466{overflow:hidden;padding-bottom:15px;padding-top:15px;}\n.additional-class-209399466 a{\n\tcolor:  #ffffff;\n}\n.additional-class-209399466 a:hover{\n\tcolor:  #d1d1d1;\n}\n<\/style>        <p class=\" additional-class-209399466  bd-content-element\">\n            <!--{content}-->\n                <a href=\"https:\/\/www.xn--soadoresmic-2db.com\/wp-content\/uploads\/2018\/05\/Contrato-de-Ahorro-Navide\u00f1o.pdf\">\n            \n                Contrato de Ahorro Navide\u00f1o&nbsp;<\/a><br><a href=\"https:\/\/www.xn--soadoresmic-2db.com\/wp-content\/uploads\/2018\/05\/Contrato-de-Voluntario.pdf\">Contrato de Ahorro Voluntario<\/a><br><a href=\"https:\/\/www.xn--soadoresmic-2db.com\/wp-content\/uploads\/2018\/05\/Carta-de-Instrucciones-y-Pagare.pdf\">Carta de Instrucciones y Pagar\u00e9<\/a><br><a href=\"https:\/\/www.xn--soadoresmic-2db.com\/wp-content\/uploads\/2018\/05\/Estatuto-Fondo-Empleados.pdf\" style=\"background-color: rgb(48, 48, 48);\">Estatuto<\/a>            <!--{\/content}-->\n        <\/p>\n    <!--[\/text]-->\n                    <!--{\/content}-->\n                <\/div>\n            <\/div>\n        <\/div>\n    <!--[\/column]-->\n\n\t\n\t\t    <!--[column]-->\n        <div class=\"col-md-4 col-sm-6 bd-columnwrapper-1930007529\">\n            <div class=\"bd-column  bd-layoutcolumn-1930007529 \">\n                <div class=\"bd-vertical-align-wrapper\">\n                    <!--{content}-->\n                            <!--[text]-->\n        <style>\nh1.additional-class-49584232{\n\tline-height:  45.71428573px;\n\tfont-size:  32px;\n\tcolor:  #ffffff;\n\tfont-weight:  normal;\n}\n<\/style>        <h1 class=\" additional-class-49584232  bd-content-element\">\n            <!--{content}-->\n                Formatos            <!--{\/content}-->\n        <\/h1>\n    <!--[\/text]-->\n\n\t\n\t\t\n    <!--[separator]-->\n            <style>\n.bd-separator-1595165743 .bd-separator-inner:before, .bd-separator-1595165743 .bd-separator-inner:after{border-top:2px solid #ffffff;}<\/style>    <style>\n.bd-separator-1595165743 .bd-separator-inner{width:15%;}<\/style>\n    <div class=\" bd-separator-1595165743  bd-separator-left bd-separator-content-center clearfix\">\n        <div class=\"bd-container-inner\">\n            <div class=\"bd-separator-inner\">\n                                <!--{content}--><!--{\/content}-->\n            <\/div>\n        <\/div>\n    <\/div>\n    <!--[\/separator]-->\n\n    \n\t\n\t\t    <!--[text]-->\n        <style>\n.additional-class-48260275{overflow:hidden;padding-bottom:15px;padding-top:15px;}\n.additional-class-48260275 a:hover{\n\tcolor:  #d1d1d1;\n}\n<\/style>        <p class=\" additional-class-48260275  bd-content-element\">\n            <!--{content}-->\n                <a href=\"https:\/\/www.xn--soadoresmic-2db.com\/wp-content\/uploads\/2018\/05\/Formato-Solicitud-Afiliaci\u00f3n.pdf\">\n            \n                Formato Solicitud de Afiliaci\u00f3n<\/a><br><a href=\"https:\/\/www.xn--soadoresmic-2db.com\/wp-content\/uploads\/2018\/05\/Formato-Solicitud-Credito.pdf\">Formato Solicitud de Cr\u00e9dito<\/a><br><a href=\"https:\/\/www.xn--soadoresmic-2db.com\/wp-content\/uploads\/2018\/05\/Formato-Solicitud-Convenio.pdf\">Formato Solicitud de Convenio<\/a><br><a href=\"https:\/\/www.xn--soadoresmic-2db.com\/wp-content\/uploads\/2018\/05\/Formato-Autorizaci\u00f3n-Libranza.pdf\">Formato Autorizaci\u00f3n de Libranza<\/a><br><a href=\"https:\/\/www.xn--soadoresmic-2db.com\/wp-content\/uploads\/2018\/05\/Formato-Actualizaci\u00f3n-Ahorro.pdf\">Formato Actualizaci\u00f3n de Ahorro&nbsp;<\/a><br><a href=\"https:\/\/www.xn--soadoresmic-2db.com\/wp-content\/uploads\/2018\/05\/Formato-Suspension-Ahorro.pdf\">Formato Suspensi\u00f3n de Ahorro<\/a><br><a href=\"https:\/\/www.xn--soadoresmic-2db.com\/wp-content\/uploads\/2018\/05\/Formato-Retiro-Definitivo.pdf\">Formato de Retiro Definitivo<\/a>&nbsp; &nbsp; &nbsp; &nbsp; &nbsp; &nbsp;&nbsp;            <!--{\/content}-->\n        <\/p>\n    <!--[\/text]-->\n                    <!--{\/content}-->\n                <\/div>\n            <\/div>\n        <\/div>\n    <!--[\/column]-->\n                        <!--{\/content}-->\n                    <\/div>\n                <\/div>\n            <\/div>\n        <\/div>\n    <!--[\/columns]-->\n<!--{\/content}--><!--[\/fluid_1]-->\t\t\t\t<!--{\/content}-->\n\t\t\t<\/div>\n\t\t<\/section>\n\t<!--[\/section]-->\n<!--{\/content}--><!--[\/fluid]-->\n","protected":false},"excerpt":{"rendered":"","protected":false},"author":1,"featured_media":0,"parent":0,"menu_order":4,"comment_status":"closed","ping_status":"closed","template":"","meta":{"footnotes":""},"class_list":["post-304","page","type-page","status-publish","hentry"],"_links":{"self":[{"href":"https:\/\/www.xn--soadoresmic-2db.com\/index.php?rest_route=\/wp\/v2\/pages\/304","targetHints":{"allow":["GET"]}}],"collection":[{"href":"https:\/\/www.xn--soadoresmic-2db.com\/index.php?rest_route=\/wp\/v2\/pages"}],"about":[{"href":"https:\/\/www.xn--soadoresmic-2db.com\/index.php?rest_route=\/wp\/v2\/types\/page"}],"author":[{"embeddable":true,"href":"https:\/\/www.xn--soadoresmic-2db.com\/index.php?rest_route=\/wp\/v2\/users\/1"}],"replies":[{"embeddable":true,"href":"https:\/\/www.xn--soadoresmic-2db.com\/index.php?rest_route=%2Fwp%2Fv2%2Fcomments&post=304"}],"version-history":[{"count":8,"href":"https:\/\/www.xn--soadoresmic-2db.com\/index.php?rest_route=\/wp\/v2\/pages\/304\/revisions"}],"predecessor-version":[{"id":628,"href":"https:\/\/www.xn--soadoresmic-2db.com\/index.php?rest_route=\/wp\/v2\/pages\/304\/revisions\/628"}],"wp:attachment":[{"href":"https:\/\/www.xn--soadoresmic-2db.com\/index.php?rest_route=%2Fwp%2Fv2%2Fmedia&parent=304"}],"curies":[{"name":"wp","href":"https:\/\/api.w.org\/{rel}","templated":true}]}}